pose -5*s + 142 = 4*x, -5*s - j + 49 = -2*x. Suppose -x = -6*m + 34. Calculate the highest common factor of 4 and m.
4
Suppose -3*i + 9 = -0. Let s = -421 + 413. Let q be s/(-5) + 6208/320. Calculate the highest common factor of q and i.
3
Let p be 4/2*((-7)/(-56))/(11/44). Suppose -5*o + 0*o = -65. Calculate the greatest common factor of p and o.
1
Suppose u - i = 223, 19*u + 2*i = 23*u - 884. Let x(s) = 112*s + 68. Let c be x(2). What is the highest common factor of u and c?
73
Let a = -121 - -142. Let i be 26/(-30) + 1 - (-3146)/30. What is the highest common divisor of i and a?
21
Let i be (-247)/(-38)*(-8)/(2/(-2)). Let q be 5052/i - 4/26. Let w = q - 43. Calculate the highest common factor of 378 and w.
54
Let a(d) = -d. Let f be a(-4). Suppose -4*k - 24*g + 163 = -29*g, -5*g = f*k - 133. What is the highest common factor of 37 and k?
37
Let w be (2/(-20))/((-59)/(-1416))*-620. What is the greatest common factor of w and 120?
24
Suppose -10*y + 14*y = 3*s - 14256, 14256 = 3*s - 2*y. Suppose -99*f + 93*f + s = 0. What is the highest common factor of 66 and f?
66
Suppose 3*w + 183 = 687. Let v = -118 + w. Let o(m) = 2*m**3 + 16*m**2 + 11*m + 9. Let u be o(-7). What is the greatest common divisor of u and v?
10
Let s = 29 + -16. Let m = -1066 + 1094. Let k be (-1)/2*(4 + -2 - m). What is the greatest common factor of s and k?
13
Suppose g + 40*k - 49 = 41*k, 5*g + k = 245. What is the highest common factor of g and 1141?
7
Let u = -5516 + 6597. What is the greatest common factor of u and 529?
23
Let i(x) = x**3 - 23*x**2 + 72*x - 12. Let h be i(30). Suppose 59*a - 27*a = h. What is the greatest common factor of a and 99?
33
Suppose -1470 = 68*r - 117*r. Let y = 2 - 0. Suppose y*d = 162 + r. Calculate the greatest common factor of d and 12.
12
Suppose -3440516 = 73*f - 179*f - 135*f. What is the highest common divisor of 86 and f?
86
Let w be (-4)/36 + (-2884)/(-36). Let v be ((-32)/6)/((-13)/39). What is the highest common factor of w and v?
16
Suppose 78*m - 34*m = 62*m - 4860. What is the greatest common divisor of 75 and m?
15
Let s be (0 + -2 + 1)*-761. Suppose 0*f + 3*f = 2*k - 1473, -2*f + 5*k = 982. Let x = f + s. Calculate the highest common factor of x and 30.
30
Let b be 0 + (-1*772)/(-2). Let y = b + -236. Let v = -1602 - -1662. Calculate the highest common divisor of y and v.
30
Let t = 3244 - 3206. Suppose -4*w = -6*f + 3*f + 387, 0 = -2*f + 5*w + 251. What is the greatest common divisor of f and t?
19
Suppose 52*z + 328 = 1420. Calculate the highest common factor of 3423 and z.
21
Let s(f) = -f**3 + 6*f**2 + 18*f - 70. Let k be s(7). Suppose -k*x - x + 552 = 0. What is the greatest common factor of 138 and x?
69
Let h(n) = -110*n - 804. Let o be h(-9). Calculate the highest common factor of o and 2139.
93
Let v be 1374/(-15)*(1 + 7/(-2)). Let t = v - 121. Calculate the highest common divisor of 3 and t.
3
Suppose 3*j - 51 + 30 = 0. Let x = j - 3. Let w be 4/x*1 + 2 + 69. What is the highest common factor of 8 and w?
8
Suppose 4*x + 4*s - 20 = 0, x + s = 4*s + 17. Suppose 38*c - 39*c - 5 = 0, -210 = -5*w + 2*c. Calculate the greatest common divisor of x and w.
8
Suppose 13*j - 2316 = 8*j - 4*h, -3*j + 2*h = -1394. Suppose -d + 128 = 3*z + 8, -4*z + j = 4*d. What is the highest common divisor of d and 12?
6
Let t = 101 - -29. Let o be 0/((-2 - 20/(-12))*-9). Let i(l) = l**3 + 2*l**2 + l + 52. Let u be i(o). What is the greatest common divisor of t and u?
26
Let o(r) = -12*r - 248. Let u be o(-37). Let g(y) = -10*y - 12. Let n be g(-4). What is the greatest common divisor of n and u?
28
Let b = 27 + 33. Let x = 125 - 270. Let w = -121 - x. What is the greatest common factor of b and w?
12
Let w = 324 - 222. Suppose 4*d + g - 79 = 0, 5*d - g = g + w. Suppose x - 191 + 39 = -3*r, x - 2 = 0. Calculate the highest common divisor of d and r.
10
Let r be (-5)/(-3)*300/500. What is the greatest common factor of r and 277?
1
Let g(x) = -x**2 + 15*x - 11. Suppose 2 = -11*o + 123. Let p be g(o). Calculate the highest common factor of p and 66.
33
Let c be (1 + 7/(-14))*(-1 + 605). Let d = 10 + c. Calculate the highest common factor of 24 and d.
24
Suppose -9*o - 14640 = -21*o. Suppose 7*w - o - 1426 = 0. Calculate the highest common factor of w and 84.
42
Let x be -3*80/(-18)*6. Suppose -3 = -h + 6. Suppose -h*u + 10*u = x. Calculate the greatest common factor of 10 and u.
10
Let a = -9837 + 10262. Calculate the greatest common divisor of 1819 and a.
17
Suppose -2*n = -z + 340, -2*n + 360 = 17*z - 16*z. Calculate the greatest common divisor of z and 10.
10
Let i be 19 + (9 - (-13 - -17)). What is the highest common divisor of i and 8?
8
Suppose 2*f - 331 = -u, 4*f + 30 = 2*u + 680. Calculate the highest common factor of f and 246.
82
Let b be 10/4*(-36)/10. Let l be (-4 - b)*-1*-2. Calculate the highest common divisor of l and 35.
5
Let p = -1377 - -1762. Let d = 106 + -71. Calculate the highest common factor of p and d.
35
Let v = 2162 + -2136. What is the highest common divisor of 2 and v?
2
Suppose -57*d + 110*d - 11024 = 0. What is the highest common divisor of 14976 and d?
208
Suppose 0 = 13*w - 23*w + 190. Suppose w*u + 40 = 23*u. Let t = 10 + 5. What is the highest common divisor of u and t?
5
Let b be 6/9 + (-60)/(-45). Let q be 2/b - 2448/(-17). Calculate the highest common divisor of 29 and q.
29
Suppose 13*k - 11220 = -4*k. Suppose y = -3*y + m + k, 330 = 2*y - 2*m. Calculate the greatest common factor of y and 220.
55
Suppose t - 91 = -13*b + 12*b, -3*b + 783 = 8*t. Let l(j) = -171*j - 1. Let p be l(-1). Calculate the highest common divisor of t and p.
34
Suppose -240*h + 161*h = -42660. Calculate the greatest common divisor of h and 3840.
60
Suppose o + 0*o - 19 = 0. Let w = 894 + -558. Suppose -5*m = 5*l + w - 1086, 3*l - 5*m = 466. Calculate the greatest common divisor of o and l.
19
Suppose -17293 = -2*l - 296*f + 297*f, 0 = -5*l + 5*f + 43225. Calculate the greatest common factor of 368 and l.
184
Let a = 3981 - 3175. What is the greatest common divisor of a and 234?
26
Let c be (-3306)/14877 + 31*14/9. Calculate the greatest common divisor of c and 2652.
12
Let t(f) = -f + 177. Let x be t(11). Let c = 178 - x. Calculate the highest common divisor of c and 30.
6
Let w(b) = -b + 7. Let x be w(7). Suppose x = -9*r + 1096 - 979. What is the highest common factor of r and 923?
13
Let b be 3/(-1)*1 + -33. Let z = -36 - b. Suppose 3*c - 3 = -5*a + 4*a, 5*c + a - 5 = z. Calculate the highest common divisor of 4 and c.
1
Let s = 29287 + -29119. Calculate the highest common factor of s and 2142.
42
Let v be ((-10)/6)/((-3)/(3 - -168)). Suppose 4*c = y - 50, -6*y = -9*y + c + v. Suppose 3*g - 294 = -y. Calculate the highest common divisor of 8 and g.
8
Suppose -3*c + 30 = -3*k, -4*k = 4*c - c - 23. Suppose 5*j = 17*v - 10*v + 4815, 2*v = j - 963. Calculate the highest common factor of c and j.
9
Let k(c) = 10*c**2 - 19*c - 5. Let r be k(-1). What is the greatest common factor of r and 372?
12
Let v(x) = -37 + 65 + 28 + 12*x + 52. Let y be v(-7). What is the greatest common divisor of y and 32?
8
Let c(j) = -j**2 + 2*j + 778. Let i be c(19). Calculate the greatest common factor of 217 and i.
7
Let v be ((-8)/5 - 187572/(-2145)) + 2/13. Calculate the highest common divisor of 4601 and v.
43
Let v be -2*(-1946)/(-84)*(-1 + -5). Calculate the greatest common factor of 417 and v.
139
Let b = -110 + 240. What is the highest common factor of 715 and b?
65
Let x = 369 - 368. Let q(t) = t**3 + 9*t**2 - 12*t - 15. Let c = 2 + -12. Let z be q(c). Calculate the greatest common factor of z and x.
1
Let f = -25 - -120. Let z be 57 - 0/(4 - (4 - -1)). Calculate the greatest common divisor of z and f.
19
Let l(b) = -6*b. Suppose -3 - 17 = 5*v. Let u be l(v). Let h(x) = 3*x + 51. Let s be h(15). What is the greatest common factor of u and s?
24
Suppose 0 = 5*x - 4*x + 3*l - 40, 0 = 2*x + 3*l - 74. Let c = x - 112. Let p be (-12)/c - (-776)/26. What is the greatest common divisor of p and 75?
15
Suppose -5*w + 470 = -5*n, -2*n + 4*w + 86 = 274. Let y = n - -114. Calculate the greatest common factor of y and 10.
10
Suppose 0 = 150*b - 167741 - 176008 - 802851. Calculate the greatest common factor of 28 and b.
28
Let o = -5082 - -5095. Let k(l) = 